1)) + 4?
1
Calculate 7 + -14 + 5 + 3.
1
Calculate -17 + (16 - 3) + (8 - 1).
3
Calculate 7 - (7 - (0 - 1)).
-1
(2 - 3) + -5 + 6 - -1
1
-17 - -30 - (8 - -9)
-4
Calculate 2 + (17 - 16) + (-1 - -5).
7
-4 + 3 + -3 - -1
-3
Calculate -6 + -10 + 6 - -4.
-6
What is -3 - 4 - (-2 - 10)?
5
What is -1 + (2 + -3 - 3)?
-5
Calculate (-3 - -1 - -4) + -4.
-2
What is the value of 0 + -3 + 6 + -1 + -3?
-1
Calculate (-5 - -5) + -5 + 1 + 0.
-4
What is the value of -8 - (-13 - (3 + -9))?
-1
What is the value of -3 - (4 - 13 - -4)?
2
What is the value of 0 + (20 + -5 - 2) - 7?
6
What is the value of (7 - 5) + (0 - 1)?
1
(-2 - -5) + -2 - 0 - -6
7
-13 + 2 + 14 + -4
-1
Calculate 3 + (4 - 8) - 0.
-1
Calculate 9 - (11 + -9 + 5).
2
Calculate -10 - -9 - (1 - -4).
-6
What is the value of (11 - 6) + (9 - 10)?
4
Calculate 1 + -2 - (4 + -4 + 7).
-8
Calculate 6 + -5 + -4 + 8.
5
What is the value of 2 + -1 + 1 + (12 - 10)?
4
Calculate 4 + (-3 - 1 - 5).
-5
What is the value of (3 - 7) + -1 + 2?
-3
-1 - (5 + -3 + -3)
0
What is -14 + 19 + -8 + -4?
-7
Evaluate (24 + -24 - (1 + 4)) + 1.
-4
What is (-2 - -2) + -2 - (-1 + -5)?
4
Calculate -25 - -18 - (-1 + 0).
-6
Evaluate (0 - 0) + 6 - 5.
1
Calculate 0 + ((-1 - -1) + -2 - -4).
2
1 + -4 + 3 + (7 - 2)
5
Calculate -1 - -6 - (12 - 12) - -1.
6
What is the value of -6 + 3 + (1 - -5) + -3?
0
Evaluate 48 + -44 - (14 + -2).
-8
What is -6 + 1 - (5 + -12)?
2
Calculate 4 + (-4 - 1) + -34 + 37.
2
(6 - 15) + 5 + 1
-3
Calculate 0 + (3 - 3 - -1 - -1).
2
What is 0 + (-1 - 0) - (110 + -104)?
-7
-3 - (5 - (8 + -3))
-3
(0 - (6 + -4) - -7) + 3
8
What is the value of (-1 + -3 + 6 - -7) + -7?
2
What is the value of -4 - -10 - (-12 - -8)?
10
Calculate 8 - (-1 + 7 + 4 - -5).
-7
Calculate (-4 - 0) + 19 - 9.
6
Evaluate 0 - 0 - (-6 + 0 - -9).
-3
Calculate (5 + 3 - 5) + -6 + 13.
10
What is the value of -4 - ((-1 - -2) + -16 + 8)?
3
What is the value of -4 - (-4 - 3) - (2 - 0)?
1
0 - 2 - (4 + -3 + -4)
1
Calculate 13 + 11 + (6 - 31).
-1
-2 + -1 + 9 + -10
-4
What is the value of 9 + -5 + 0 - (5 + 1)?
-2
What is 1 - (9 - 3) - -6?
1
Evaluate 1 + (-5 + 3 - 0).
-1
What is 2 - (-6 + -1 + 6)?
3
What is -2 - (-3 + -1 + 4)?
-2
What is (-5 - -3) + 10 + 7 + -12?
3
What is the value of 4 - -2 - ((4 - 7) + 4)?
5
(2 - 0) + (-4 - (0 + 1))
-3
Calculate 5 + -1 + -6 - -2.
0
What is -12 - -2 - 2 - (108 + -111)?
-9
Evaluate -2 + (1 - 4) + (46 - 46).
-5
Calculate 6 + -7 - (-6 + 3 + -2).
4
-6 + 15 + 0 - 4
5
Calculate (-9 - (-8 + -6)) + -5.
0
What is the value of -1 + 1 + (-4 - -6)?
2
What is the value of (1 - 6) + 0 + 8?
3
What is the value of 10 + 0 - (3 - -2)?
5
Evaluate 1 - (-3 - 3 - -5).
2
Evaluate 0 + 1 + -3 - (-1 + 4).
-5
What is the value of 1 + -3 + (10 - 8)?
0
What is the value of 2 - 1 - (3 - -1)?
-3
Evaluate 7 + (-1 - 4) + 0 - -3.
5
What is -6 - (-2 - (-9 + 17))?
4
-4 - ((-6 - -5) + 4 + -9)
2
What is -8 + -7 + 4 - -4 - -4?
-3
What is ((0 - 0) + -4 - 0) + -1?
-5
Calculate 1 + (5 + -6 - 0).
0
What is (10 - 7) + 3 + -8?
-2
-3 + (4 - -8) - 16
-7
Evaluate 11 - 5 - 5 - -7.
8
Calculate -3 + -2 - (-10 - (0 - 3)).
2
What is the value of -1 - -2 - (5 - 2)?
-2
Calculate (4 - 1 - (60 + -55)) + -5.
-7
Evaluate 35 + -38 + (9 - 0).
6
Evaluate -12 - -6 - -10 - 6.
-2
Evaluate -14 - (1 - 7 - 14).
6
What is (6 - 13) + (4 - (2 - 1))?
-4
Evaluate (2 - -4 - 4) + 0.
2
What is -6 - (-3 - (4 + -4) - 4)?
1
Evaluate -1 + -3 + 10 + -3.
3
What is 1 + (-4 - (-3 + 2))?
-2
What is 0 - -11 - (-37 + 42)?
6
Evaluate -6 + 4 + -6 + 7.
-1
What is 0 + -8 + 18 + -14?
-4
Calculate (1 - 0) + (-7 - -4) - -3.
1
What is (-6 - -1) + -2 + 6?
-1
72 + -77 + (-1 - 2)
-8
Calculate 2 + -6 + -1 - -3.
-2
Evaluate (-3 - -3 - 1) + 1.
0
Evaluate 0 + 2 - (1 - -7 - 2).
-4
Calculate 5 + 2 + -4 - 5 - 1.
-3
Evaluate (7 + -2 - 7) + 1.
-1
What is the value of -4 + (-3 - -1) - (-4 - -2)?
-4
What is the value of -1 - 3 - (-3 + -5)?
4
Calculate 9 + (-11 - 4) - -14.
8
What is -1 - -5 - (25 - 23) - 10?
-8
Calculate (2 - 7) + (-2 - (1 + -4)).
-4
What is the value of -3 + -1 - (13 + -7 + -17)?
7
What is the value of -18 + (38 - 13) + -1 + 0?
6
1 + (0 - -3 - -7) + -5
6
Calculate -1 + -5 - (-3 + 2).
-5
Calculate 5 - (-5 - -4 - -5).
1
Calculate 5 - (2 + (2 - -2) + -6).
5
Calculate -1 - (-4 + -3 - -2).
4
What is 6 - (3 + -2) - 0?
5
Evaluate 5 + (0 - (7 + 1)).
-3
Calculate 2 - ((3 - -1) + (-4 - -3)).
-1
What is the value of (-32 - -34) + (8 - 1) + -6?
3
What is (41 - 46) + 0 + -1?
-6
What is the value of (-12 - -3) + (-4 - -5)?
-8
Calculate 3 - (2 + -5) - 7.
-1
1 + (-3 - (-4 + 2 + 1))
-1
What is the value of (0 - (-3 + 3)) + -1 - 0?
-1
-8 + (5 - (8 + -3))
-8
5 - (-10 - (-1 - (0 + 6)))
8
What is the value of (5 - 1) + -5 + -3 + 5?
1
Calculate 4 - (3 - (-1 + 3) - 2).
5
What is the value of -19 - -24 - (10 + -2 - 2)?
-1
Evaluate 1 + 2 - (0 - -6).
-3
Evaluate (-7 - (-1 + -3)) + 6 + -3.
0
What is the value of (3 - (-1 + 9)) + 2?
-3
Evaluate -3 + -2 + (4 - 3) + -2.
-6
(0 - -1 - (2 - 1)) + 0
0
Evaluate -4 + -1 - (-120 - -117).
-2
-1 + (0 - -2) - 3
-2
What is the value of 5 + 1 + (-4 - 0) + -6?
-4
(-1 - -2) + -1 - (5 + 0)
-5
What is (4 - (-1 - -1)) + (1 - 8)?
-3
What is the value of 28 + -15 + (-9 - 1)?
3
0 - -1 - 4 - (5 + -8)
0
Evaluate (1 - 5) + -97 + 109.
8
What is the value of 3 - 3 - -4 - 7?
-3
What is the value of 7 - (9 - -5 - 1)?
-6
What is the value of 3 + -1 - (0 - 3) - 3?
2
Evaluate -3 - (-8 + 9 - -6).
-10
What is -2 - -3 - -1 - 1?
1
What is 4 - (1 - (-2 + -1 + 3))?
3
2 + -4 + 5 + -8
-5
What is 2 - 5 - (0 - (-2 + 1))?
-4
Calculate 3 + (-2 - (6 - (-2 - -6))).
-1
Calculate 7 + -3 + -3 - (5 + -1).
-3
What is the value of 2 + 4 + (-41 - -39)?
4
(3 - (7 + 1)) + 1
-4
What is -4 + 3 - -4 - 0 - -3?
6
Calculate -3 + (15 + -18 - (0 - 1)).
-5
Evaluate (14 - 29) + 6 - -1.
-8
Calculate -8 - (-1 + (-14 - -5)).
2
Evaluate 0 + (-5 + -3 - -4).
-4
-5 + 6 + -2 + 4 + -7
-4
Calculate 14 + -15 - (2 - 1 - -2).
-4
Evaluate (-5 - 1 - -3) + 3 + 2.
2
Evaluate 3 + -4 + (3 - -1) + -3.
0
Calculate (10 - (-1 - -1)) + -10.
0
Calculate (0 - (4 + -4) - -3) + -5.
-2
Evaluate 5 + (-1 + 0 - 2) - -2.
4
Calculate -8 + -2 + (-10 - -21).
1
6 + -14 + 3 - (-5 - -1)
-1
Calculate 2 + -2 + -3 + 11.
8
-15 - -13 - (-3 + 0)
1
Calculate 8 + -1 - (23 + -8).
-8
Calculate 1 + 2 - (5 - 5).
3
Calculate 5 + (4 - 5 - -5 - 2).
7
3 + -1 + -5 - -3
0
What is the value of 13 + -2 - (-5 - -18)?
-2
Calculate -13 + 7 + 0 + (3 - 2).
-5
(30 - 26) + (-6 - -1)
-1
What is the value of 21 + -27 - (0 + -1)?
-5
Evaluate -2 - ((-1 - -6) + -11).
4
(-2 - 1) + (9 - 7) - 3
-4
What is the value of 2 + -2 + -2 + 9 + -4?
3
What is -1 + (0 - -1) + 1 + 2?
3
Evaluate 4 + (-4 - (-2 - -2)).
0
What is the value of -26 + 18 - (3 - 10)?
-1
Calculate 2 + 4 - 11 - (-4 + 1).
-2
-5 + (-5 - (1 - 12))
1
What is the value of 0 + (2 - (5 - (-3 - -1)))?
-5
What is 1 + 6 + -8 + 0 + -2?
-3
What is (3 - 1) + (-2 - 12) + 10?
-2
Calculate 3 + 1 - (5 + 1).
-2
Evaluate (-3 - (3 + -3)) + 1 + 6.
4
What is 21 - 12 - (1 + 5)?
3
Calculate 6 + (-3 + 10 - 12).
1
What is (-1 - 3) + 5 + 2?
3
What is the value of (5 - 3) + (1 - 0)?
3
Calculate 0 + 1 + 10 - (-5 + 11).
5
1 + -5 - (-6 - -1) - 0
1
1 - -7 - -2 - 4 - 7
-1
Calculate -7 - (-5 - 6 - -3).
1
What is the value of 8 + -4 + 0 - -3 - 3?
4
Evaluate (6 - 5) + -5 + -3 + 2.
-5
What is -18 - -8 - (-12 - -9)?
-7
Evaluate -3 - (-4 + (1 - (-6 - -4))).
-2
What is the value of (1 - -7) + -12 + 7?
3
What is -2 + -6 + (-2 - -2) + 2?
-6
1 - -2 - (5 + 3) - -7
2
Evaluate (1 - 1) + 2 + -5 + 4.
1
Evaluate -1 + 1 - (12 - (4 - -3)).
-5
Calculate (5 - 0) + 1 - (-7 - -9).
4
(2 - 0) + (-2 - (1 - 7))
6
7 - (-7 + 10) - 1
3
-15 + 0 - (-92 - -84)
-7
What is 0 - (-8 + (1 - -3))?
4
Calculate -5 - (3 - (0 - (0 - 4))).
-4
Evaluate -2 - (-3 + 4 - 1) - 2.
-4
What is the value of 0 + 0 - (-9 - -13)?
-4
Calculate -6 - 0 - (-25 + 22).
-3
What is (3 + 0 - 9) + 0?
-6
What is the value of (0 - (-5 + 1)) + -5?
-1
Calculate -5 + (-2 - 0) + 10.
3
What is the value of 1 + -3 + 4 + (-2 - -4)?
4
-3 - -5 - (0 - -2 - -4)
-4
-6 + (-10 - (-10 - -6)) + 6
-6
What is the value of -3 - (3 + -5 + -1)?
0
What is 13 + -2 - -6 - 11?
6
What is the value of -6 - -2 - (0 + -10 - -12)?
-6
What is the value of (-4 - -1) + 11 - 3?
5
Calculate 7 + -3 + -1 + -2.
1
-3 - (-2 + (0 - 4))
3
Evaluate 1 - (2 + (8 - (-1 + 5))).
-5
Calculate 14 - (-11 + 7 + 9).
9
Evaluate (-4 